Give o(l).
-5
Let v(a) = -3*a + 0*a - 1 + 0. Let h(t) = t**3 + 2*t - 2. Let f be (-20)/(-36)*3 - (-2)/(-3). Let j be h(f). Calculate v(j).
-4
Suppose 0 = -51*s + 46*s - 25. Let n be 32/(3 - s)*1/1. Let i(t) be the first derivative of -t**3/3 + 3*t**2 + t + 2. Calculate i(n).
9
Let l(s) = -5 - 8 + 4*s + 5 + 1. Calculate l(-4).
-23
Let x(w) be the second derivative of -w**8/6720 + w**7/315 - w**6/72 + 7*w**5/120 + w**4/12 + 17*w. Let t(f) be the third derivative of x(f). Calculate t(6).
19
Suppose 2 = -3*k + 11. Suppose -22 = -5*j + 4*d, 3 = 3*d - k. Let n(z) = 7*z**2 - z**3 + 23 - 9*z - 12 - 5. Determine n(j).
-12
Let a(u) = -2*u**2 - 1. Suppose 0 = -10*p + 13*p - 12. Suppose 5*n + 3*b = 12, -2*b - 11 = -7*n + p*n. Determine a(n).
-19
Let b = -29 + 57. Suppose -3*f = -b - 11. Suppose 5*l + f + 2 = 0. Let g(c) = -c**2 - 4*c - 3. Give g(l).
0
Let c(b) = -b**3 - 8*b**2 - b - 7. Let a = 69 + -69. Let o(d) = -d**2 - d - 8. Let v be o(a). Calculate c(v).
1
Let v(n) = -7*n - 12. Let i(s) = s + 1. Let w(c) = 5*i(c) + v(c). Suppose -30 = 3*b + 2*b + 5*g, 5*g + 25 = -4*b. Determine w(b).
3
Let v(o) = -6*o - 93. Let j be v(-16). Let w(p) = 3*p**2 + 4. What is w(j)?
31
Let z(d) = -d**3 + 7*d**2 + 1. Suppose -17*v = -113 - 6. Give z(v).
1
Suppose 3*h - 7*h - 5*d = 400, 3*d = 12. Let u = 100 + h. Let y(l) = -l**3 - 6*l**2 - 5*l + 5. Determine y(u).
5
Let v(f) = 41*f**3 - 2*f**2 - 4*f + 2. Let u(q) = -2*q**3 + q**2 + q - 1. Let y(s) = 3*u(s) + v(s). Determine y(-1).
-34
Suppose -5*m = -0*m. Suppose m*j - 3*j = -9. Let v(o) = 1 + o + 0*o**j + 6*o**3 - 8*o**3. Determine v(-2).
15
Let q(s) = -95*s + 155*s - 84*s. Suppose -1 = d + 5*b, -3*d - 4 = -4*b - 1. Calculate q(d).
24
Suppose -p + 100 = 4*p - 5*l, 5*p = 4*l + 102. Suppose p*h = 28*h - 30. Let o(m) = -m**3 + 5*m**2 - 4. Give o(h).
-4
Let s(p) = p**2 + 17*p - 45. Let t = -614 - -595. Determine s(t).
-7
Let v = -7 + 10. Let n(b) = -2*b + 3*b**2 + 0 - 3 + v. Let m(k) = -k**2 - k - 1. Let r(f) = 4*m(f) + n(f). Calculate r(-6).
-4
Let v(p) = -2*p - 1. Let d(x) be the third derivative of x**4/4 + x**3/3 + 10*x**2. Let a(n) = -3*d(n) - 8*v(n). Determine a(-2).
6
Let x(l) = -l**3 - 1. Let p(h) = h - 4. Let t = 3 + -2. Let u(g) = t*p(g) - 6*x(g). Calculate u(-1).
-5
Let n = 11 + -18. Let x(l) be the third derivative of l**6/120 + 2*l**5/15 + 7*l**4/24 + l**3/3 + 2*l**2 + 18. Give x(n).
2
Suppose 0 = -4*f + 3*u + 27, -3*f - 2 = -2*f + u. Suppose -2*w + 3*w - f = 0. Let m(g) = -w + g - 4 + 5 + g**2. What is m(-3)?
4
Let a be 1 - ((-2)/2 - -2). Let q be (-2 - 0) + 10/5. Let g(t) = q - 4 + 2 - t + 0. Give g(a).
-2
Let u(z) = z + 5. Suppose 0 = -4*d + 4*h - 28, -3*d + 7*d + 28 = -5*h. Calculate u(d).
-2
Let r(f) = -3*f - 2. Suppose 10*q = 7*q + 6. Let i(m) = m**2 + 11*m + 8. Let t(v) = q*i(v) + 9*r(v). Let x(z) = z**3 + z + 4. Let w be x(0). Calculate t(w).
10
Let x(k) = 2*k + 6. Let o(y) = y. Let z(d) = -3*o(d) + x(d). Suppose 5*l = -2*w - 37, 0 = -2*w + 2*l - 2 - 0. Give z(w).
12
Suppose 0 = 3*x + 2*x + d + 2, x + 4*d = -8. Let l(p) = p**2 - 1. What is l(x)?
-1
Let q(y) = 3*y**2 - 10*y + 4. Let k(z) = -4*z + 4. Let g be k(-5). Suppose -30 = 2*d - g. Let h(a) = -4*a**2 + 11*a - 4. Let n(j) = d*q(j) - 2*h(j). Give n(6).
8
Suppose -14*r = 22 - 78. Let t(w) = -3*w - 4. Determine t(r).
-16
Suppose -5 = 4*o - 1. Let g(i) = i + 8. Let r be g(-6). Let u(y) = 3*y + y + y + r*y. What is u(o)?
-7
Let p(h) = -h**3 + 5*h**2 - 4*h + 6. Let a(x) = x**2 - 2*x - 1. Let t be a(2). Let u be (4/(-10))/(t/10). Calculate p(u).
6
Let r(x) = -x**3 + 9*x**2 + 11*x + 11. Let v be (0 + (-4)/(-18))*(-106 - -151). Calculate r(v).
21
Let i(m) = -12*m + 13*m - 1 + 9*m - 3. Determine i(2).
16
Let y(h) = h + 1. Let o(a) = a**3 + 14*a**2 + 3. Let t be (0 - -7)*(-2)/1. Let c be o(t). Let d be c/9*-1*6. What is y(d)?
-1
Suppose -21*g + 19*g = -4*x - 8, 0 = -g - 4. Let r(u) = -u - 9. What is r(x)?
-5
Let j(k) be the first derivative of -k**2 - k + 69. Calculate j(-4).
7
Let v(u) = 7*u - 1. Let b(t) = -4*t + 1. Let z = -15 + 10. Let a(l) = z*b(l) - 3*v(l). What is a(3)?
-5
Let p be 3 + -1 - -4 - 3. Let k(w) = -3*w**2 + w - 3. Let x(g) = g + 2. Let c(y) = k(y) + 2*x(y). Give c(p).
-17
Let h = 79 + -119. Let n = 40 + h. Let m(y) be the first derivative of -y**2/2 - 12*y + 1. Give m(n).
-12
Suppose 3*m + 2*h - 38 = 0, 0*m + 56 = 5*m - 4*h. Suppose -i - 3*i + m = 0. Let n(j) = 2*j + 0 + 5*j**2 - 4*j**2 - 1. Determine n(i).
14
Let w(z) be the first derivative of -2*z**3/3 + z**2/2 + 6*z + 73. What is w(-2)?
-4
Let m(j) = j**3 - j**2 + j - 1. Suppose -f + c - 2 = 6, -4*f = -c + 17. Let r be 1*-1 - f*(-5)/(-5). Determine m(r).
5
Let w(o) = 3*o + 5. Let n(a) = -4*a - 8. Let x(j) = 2*n(j) + 3*w(j). Give x(1).
0
Let l(g) = -g**3 + 4*g**2 + 11*g + 10. Let f be l(6). Suppose f*y = 3*x + 11, -y = 3*x + 1 - 0. Let d(v) = 4*v + 1. Calculate d(x).
-3
Let g(f) = -f**2 - 1. Let n(w) = 3*w + 9. Let a(z) = g(z) + n(z). Give a(6).
-10
Let h(b) = b + 8. Let o(z) = -z**2 + 20*z + 28. Let u be o(21). Suppose u*i + 50 = 8. What is h(i)?
2
Let z(c) = -c + 4. Suppose -5*j = -12 + 2, -5*j + 28 = 3*k. Let n(t) = -t**3 + 21*t**2 - t + 27. Let i be n(21). Suppose -k - i = -3*r. Calculate z(r).
0
Let n(z) = -9*z. Let l = 125 + -122. Suppose -3*t + 6*t + l = 0. Determine n(t).
9
Suppose -2*k - 2*d - 16 = 10, -2*k - 3*d = 27. Let u(c) = c**3 + 12*c**2 - c - 6. Give u(k).
6
Let p(k) = 3*k**3 + 5*k**2 + 2*k - 7. Let u = -110 + 116. Let n(r) = -4*r**3 - 6*r**2 - 2*r + 8. Let i(q) = u*n(q) + 7*p(q). What is i(1)?
-3
Let u(x) = -x**3 - 9*x**2 + 2. Let k(f) = -2*f**3 - 10*f**2 + 3. Let b(z) = 2*k(z) - 3*u(z). Determine b(7).
0
Let y(n) be the third derivative of -17*n**2 + 0*n + 1/20*n**5 - 1/2*n**3 + 0 + 0*n**4 - 1/120*n**6. Determine y(3).
-3
Let s = 779 + -772. Let p(b) = b**2 - 10*b. Give p(s).
-21
Let t(o) be the first derivative of -o**2/2 + 19*o - 116. What is t(0)?
19
Let a(g) = -16*g + 1. Let q = -32 + 26. Let v be -2 - (-45)/20 - q/8. Calculate a(v).
-15
Let l(b) be the first derivative of -b**2 - 2*b - 33. What is l(2)?
-6
Let x = -54 - -60. Let n(b) = -5*b**2 - 7*b + 14. Let j(g) = 6*g**2 + 7*g - 15. Let l(p) = x*j(p) + 7*n(p). Give l(6).
2
Let v(q) be the second derivative of -q**5/60 + q**3/3 + 3*q**2/2 - q. Let x(u) be the first derivative of v(u). Let c = 33 - 35. Calculate x(c).
-2
Let v be 6/(-63) + 183/(-63). Let w(g) = g**2 + 7*g + 5. Determine w(v).
-7
Let g(d) = d**2 - 5*d + 5. Let u(x) = 5*x**3. Let y = -8 - -12. Suppose -y*o + 6 - 2 = 0. Let t be u(o). Give g(t).
5
Let j(d) be the second derivative of 0 - 5*d + 0*d**2 - 5/12*d**4 + 0*d**3. What is j(1)?
-5
Let y(z) be the second derivative of -z**5/20 - z**4/2 - z**3/3 - z**2 + z. Let u = -38 - -80. Suppose 0 = 39*x - u*x - 18. What is y(x)?
10
Let s(c) = 7*c - 11 + 7*c**2 + 13 - 11 - 1 - 8*c**2. Calculate s(7).
-10
Let v(p) = -4*p. Let n(f) = f**2 + 16*f + 40. Let c be n(-17). Let y = 54 - c. Calculate v(y).
12
Let a(n) be the first derivative of -n**6/360 - n**5/120 + n**4/12 - 14*n**3/3 - 1. Let g(v) be the third derivative of a(v). Let t = -2 - -2. Give g(t).
2
Suppose 4*t - 216 = -16. Suppose -5*o + k = -4*k + t, o + 4*k = 10. Let i(r) = -r - 7. What is i(o)?
-1
Let j be ((-24)/(-9))/((-1)/3). Let y = j + 6. Let v(b) = 2 - 2*b**3 - 5 + 2 - 2*b**2 + b + 0. Determine v(y).
5
Let k(f) be the third derivative of -3*f**5/20 - 13*f**3/6 - 7*f**2. Let t(j) be the first derivative of k(j). Give t(1).
-18
Let j(r) be the third derivative of r**5/12 + r**4/12 - 3*r**2. Let s be (3 + -8)*8/20. Determine j(s).
16
Suppose 221 = -28*q + 11*q. Let u(d) = -d**2 - 12*d + 13. What is u(q)?
0
Let t = -7 - -4. Let k(u) = 6*u**3 + 7*u**2 - 5*u - 1. Let h(z) = 5*z**3 + 6*z**2 - 4*z. Let f(g) = -5*h(g) + 4*k(g). What is f(t)?
5
Let g be 6/21 - (-48)/28. Suppose -4*h + 16 = -g*b, -h - 3*h = 4*b + 8. Let u(v) = -v**2 + 2*v + 1 + v - h + 0. Give u(3).
-1
Let g(b) = -2*b**2 + 8*b - 3. Suppose 0*i - 36 = i. Let m be i/12 - 50/(-2). Let s = -17 + m. Give g(s).
-13
Let h(v) = -v**2 + v + 2. Let d(z) = z**2 - z - 3. Let b(k) = 3*d(k) + 2*h(k). What is b(-4)?
15
Let n(m) be the first derivative of -2*m**2 + 45*m + 439. Give n(11).
1
Let p(x) = 3*x**2 - 5*x + 2. Let g(b) = 2*b + 6. Let q be g(-2). Let k be 2*((-27)/q)/(-9). Determine p(k).
14
L